. Calculate r(-2).
48
Let g(r) = -r**3 + 10*r**2 - 9*r + 6. Give g(9).
6
Let f(i) = i**3 - 2*i**2 - 4*i. Give f(3).
-3
Let k(r) = r**2 - 2*r - 56. Calculate k(0).
-56
Let q(w) = -w**3 + 2*w**2 - w + 13. Give q(0).
13
Let d(l) = 60*l - 1. Give d(1).
59
Let y(x) = x**2 + 4*x - 14. Determine y(-7).
7
Let t(d) = -d - 25. Give t(-7).
-18
Let n(u) = -2*u + 88. Determine n(32).
24
Let j(u) = -12*u**3 + u**2 + u - 2. What is j(1)?
-12
Let r(q) = 25*q**3 - 5*q + 5. Determine r(1).
25
Let v(y) = y**3 + 4*y**2 - 3*y - 6. What is v(-4)?
6
Let d(s) = -3*s**2 - 13*s - 18. What is d(-3)?
-6
Let m(n) = -n**2 + 7*n - 13. Determine m(3).
-1
Let w(d) = -4*d**3 + d**2 + 3*d + 2. What is w(3)?
-88
Let t(x) = -4*x + 2. What is t(-1)?
6
Let k(j) = j**3 + 6*j**2 + 2*j + 11. Calculate k(-6).
-1
Let u(b) = -2*b**2 - 6*b + 17. What is u(-6)?
-19
Let g(l) = -l**3 + l**2 + 3*l - 10. Determine g(5).
-95
Let w(g) = -122*g - 253. Calculate w(-2).
-9
Let o(q) = -q**2 - 13*q + 19. Calculate o(-15).
-11
Let y(l) = -l**2 - 11*l - 11. What is y(-8)?
13
Let v(d) = 26*d + 315. Give v(-12).
3
Let t(v) = v**2 - 2*v - 4. Calculate t(-2).
4
Let f(m) = 2*m**2 + 3*m - 3. What is f(3)?
24
Let c(w) = -w**3 - w**2 + 2*w + 7. Give c(-3).
19
Let l(n) = n**2 - 4*n - 7. Determine l(6).
5
Let s(l) = l**3 - 4*l**2 - 8*l + 6. Give s(5).
-9
Let h(r) = -12*r + 35. Give h(3).
-1
Let o(y) = 5*y + 2. What is o(7)?
37
Let h(y) = 5*y - 121. What is h(25)?
4
Let j(t) = t**3 + 6*t**2 - 5*t + 5. Determine j(-7).
-9
Let j(q) = -2*q**2 + 10*q + 8. What is j(9)?
-64
Let p(s) = s**3 + 9*s**2 - s - 13. Give p(-9).
-4
Let g(c) = -c**2 + 2*c - 2. Determine g(3).
-5
Let j(t) = 3*t**3 - 3*t**2. Calculate j(2).
12
Let v(p) = -3*p - 6. Calculate v(1).
-9
Let u(h) = -h**2 + 4*h + 10. Calculate u(5).
5
Let n(t) = -t + 10. What is n(-10)?
20
Let g(y) = -y**2 - 4*y - 2. What is g(-6)?
-14
Let v(m) = 2*m**3 + 6*m**2 - 3*m + 5. Determine v(-4).
-15
Let z(a) = -a**2 + 8*a + 16. What is z(9)?
7
Let x(g) = 25*g + 230. Calculate x(-10).
-20
Let x(m) = -m**2 + m + 5. Calculate x(0).
5
Let n(b) = 25*b**2 + 2*b. Give n(-1).
23
Let d(m) = m**3 + 7*m**2 + 6*m - 8. What is d(-6)?
-8
Let m(r) = r**3 + 7*r**2 + 4*r - 8. Calculate m(-4).
24
Let h(p) = -16*p**2 - p - 1. Give h(-1).
-16
Let j(u) = u**3 - 5*u**2 + 4*u - 55. Calculate j(6).
5
Let w(f) = -f**2 + 34*f - 228. Calculate w(25).
-3
Let h(z) = -2*z**3 - 19*z**2 + 9*z - 14. Determine h(-10).
-4
Let r(v) = -v**3 - v**2 + 8*v + 7. Give r(-3).
1
Let y(t) = -t + 4. Calculate y(4).
0
Let o(b) = -2*b**3 - 11*b**2 - 12*b + 14. Determine o(-6).
122
Let v(x) = -2*x**2 + 23*x - 29. Calculate v(8).
27
Let f(v) = -2*v + 33. Give f(23).
-13
Let v(j) = -j**3 - 9*j**2 - 7*j + 9. Determine v(-7).
-40
Let h(f) = -f**3 - 21*f**2 - 11*f + 41. Calculate h(-20).
-139
Let a(i) = -59*i + 1. Determine a(0).
1
Let d(r) = r**2 + 10*r - 5. What is d(-11)?
6
Let d(n) = n**3 - 3*n**2 - 6*n - 3. Calculate d(-1).
-1
Let u(k) = k**2 - 8. Determine u(3).
1
Let i(w) = w**3 + 5*w**2 + 2*w - 1. Determine i(-4).
7
Let s(t) = -2*t + 43. Calculate s(13).
17
Let u(w) = -3*w**2 - 26*w - 11. Calculate u(-8).
5
Let k(v) = -v**3 - 9*v**2 + 5*v + 17. What is k(-9)?
-28
Let t(z) = z**2 - 25*z - 40. What is t(0)?
-40
Let p(o) = -o**2 - 10*o - 17. Give p(-9).
-8
Let j(x) = 16*x - 86. What is j(6)?
10
Let k(l) = -l**3 - 8*l**2 - 3*l - 4. Determine k(-8).
20
Let f(p) = 11*p**2 - p - 2. Calculate f(-1).
10
Let k(n) = n**3 - 4*n**2 - 7*n - 2. Give k(5).
-12
Let n(p) = -2*p**2 - 11*p - 7. Calculate n(-1).
2
Let a(l) = l**2 - 9*l + 6. Determine a(6).
-12
Let b(o) = o**2 + 8*o - 4. Give b(-8).
-4
Let n(z) = 8*z + 36. Calculate n(-7).
-20
Let v(g) = g**3 + 3*g**2 - 3*g - 2. Determine v(-3).
7
Let t(o) = -14*o + 5. Give t(-3).
47
Let o(i) = -10*i. Determine o(2).
-20
Let g(v) = v**2 + 8*v + 10. What is g(-7)?
3
Let g(o) = o + 23. What is g(-11)?
12
Let w(x) = -3*x + 42. Calculate w(16).
-6
Let k(r) = r**2 + 13*r + 13. Determine k(-10).
-17
Let k(r) = -r**2 - 16*r - 17. What is k(-16)?
-17
Let k(i) = i**2 - 6*i + 9. Determine k(5).
4
Let b(v) = v**3 - 8*v**2 - 8*v + 10. What is b(8)?
-54
Let i(j) = 4*j + 63. Give i(-14).
7
Let k(a) = a**2 - 11*a + 18. Give k(10).
8
Let b(j) = 2*j**2 - 61*j + 22. Give b(30).
-8
Let x(d) = d**2 - d - 3. What is x(-3)?
9
Let u(q) = 7*q**2 + 1. Give u(2).
29
Let l(g) = g - 64. Give l(60).
-4
Let b(s) = -9*s + 3. What is b(-3)?
30
Let w(s) = -s**3 + 31*s**2 - 33*s + 59. Calculate w(30).
-31
Let a(g) = -17*g. Give a(1).
-17
Let t(f) = -f**3 + 2*f**2 + 11*f + 8. Calculate t(-1).
0
Let i(u) = -u**3 + 7*u**2 - 8*u + 15. Give i(6).
3
Let o(z) = -8*z**2 - 17*z - 14. Calculate o(-2).
-12
Let m(x) = 9*x**2 - 4. Give m(-2).
32
Let d(l) = -12*l - 93. Determine d(-11).
39
Let q(k) = -k**2 - 6*k + 29. Calculate q(4).
-11
Let o(f) = -f**2 + 13*f + 5. Calculate o(9).
41
Let g(d) = -2*d**2 + 16*d + 127. Calculate g(13).
-3
Let h(m) = 28*m - 571. Calculate h(20).
-11
Let b(h) = -h**2 + 6*h - 6. Give b(6).
-6
Let j(o) = o**2 - 9*o - 2. What is j(7)?
-16
Let p(u) = u**3 + 12*u**2 + 19*u + 87. Give p(-11).
-1
Let o(p) = p - 14. Determine o(-8).
-22
Let d(j) = j**3 - 19*j**2 - 40*j - 20. What is d(21)?
22
Let b(t) = 2*t**2 - 7*t. Give b(3).
-3
Let d(t) = 5*t + 10. Give d(-9).
-35
Let t(a) = -a**2 + 19*a + 5. Calculate t(19).
5
Let u(b) = 5*b**2 + 3*b. What is u(-1)?
2
Let z(k) = -k**3 + 7*k**2 - 2*k + 10. What is z(7)?
-4
Let j(f) = 3*f - 19. What is j(4)?
-7
Let w(r) = -10*r + 53. Determine w(5).
3
Let m(g) = -2*g + 18. Give m(5).
8
Let a(g) = -g - 17. Determine a(8).
-25
Let f(q) = q**2 + 10*q - 13. Give f(-9).
-22
Let i(t) = t**2 + 6*t + 3. Give i(-6).
3
Let n(y) = -y**2 - 4*y - 3. Determine n(-4).
-3
Let q(t) = -3*t**2 + 60*t - 3. What is q(20)?
-3
Let x(v) = -v**2 + 10*v - 30. Give x(6).
-6
Let t(l) = 2*l**3 + l**2 + 5*l - 3. Give t(2).
27
Let k(h) = h**3 - 54*h**2 - 2*h + 106. Determine k(54).
-2
Let p(t) = t**2 + 3*t - 12. Determine p(-6).
6
Let y(x) = -59*x - 945. Give y(-16).
-1
Let j(d) = d**3 + 7*d**2 - 8*d - 7. Give j(-8).
-7
Let l(x) = -3*x - 4. Give l(-1).
-1
Let l(w) = -w**2 - 10*w - 18. Give l(-10).
-18
Let n(k) = 15*k + 18. Determine n(-1).
3
Let a(q) = 2*q**2 - 37*q + 23. What is a(18)?
5
Let d(h) = h**2 + 9*h - 7. What is d(-6)?
-25
Let o(z) = 24*z + 23. Calculate o(-9).
-193
Let z(q) = -q**2 - 5*q - 1. What is z(-4)?
3
Let v(y) = y**3 - 7*y**2 + 3*y + 16. Give v(6).
-2
Let l(h) = -h**2 + 6*h - 9. Give l(5).
-4
Let j(l) = l**3 - 9*l**2 - 23*l + 7. Give j(11).
-4
Let m(u) = -u**2 + 20*u - 38. Determine m(18).
-2
Let a(z) = z**2 - 5*z - 8. Determine a(8).
16
Let m(a) = 108*a - 653. What is m(6)?
-5
Let m(a) = 9*a**3 - a**2 + 6*a - 5. Give m(2).
75
Let z(v) = v**2 - v - 15. What is z(5)?
5
Let a(f) = -7*f. Determine a(2).
-14
Let p(g) = g**3 + g + 11. Calculate p(0).
11
Let w(i) = -29*i. Determine w(-2).
58
Let w(n) = n**3 - 8*n**2 - 6. What is w(8)?
-6
Let v(m) = m + 36. What is v(0)?
36
Let y(l) = -l**3 - 9*l**2 - 27*l - 9. Determine y(-4).
19
Let c(k) = -k**2 - 2*k - 6. Calculate c(-4).
-14
Let u(r) = 8*r - 87. Determine u(10).
-7
Let h(p) = p - 16. What is h(-4)?
-20
Let l(m) = -2*m - 25. Determine l(15).
-55
Let p(l) = -l**2 - 14. Calculate p(7).
-63
Let a(c) = 12*c**3 + 2*c**2 + 7*c + 4. Give a(-1).
-13
Let m(a) = -a**2 - 7*a + 8. Give m(-6).
14
Let m(w) = -w**2 - w - 31. What is m(0)?
-31
Let c(k) = -49*k + 253. What is c(5)?
8
Let h(t) = t**3 + 6*t**2 - 5*t - 1. Give h(-7).
-15
Let x(k) = -2*k**3 + 2*k**2 + 2*k. Give x(2).
-4
Let s(t) = 10*t. Calculate s(1).
10
Let w(z) = 8*z + 135. What is w(-17)?
-1
Let t(h) = h**2 + 6*h + 14. Determine t(-7).
21
Let d(l) = -68*l - 348. Give d(-5).
-8
Let o(i) = -2*i - 14. Determine o(-7).
0
Let s(x) = x**2 - 8*x + 2. Calculate s(9).
11
Let x(s) = -65*s**2 + 1. Determine x(-1).
-64
Let l(f) = f**3 - f**2 - 2*f + 7. Calculate l(2).
7
Let a(g) = -g**3 - 23*g**2 + g + 26. Give a(-23).
3
Let j(c) = c**2 - 18*c + 4. Calculate j(18).
4
Let q(n) = 5*n**2 - 15*n - 3. Give q(3).
-3
Let n(y) = 2*y - 4. Calculate n(0).
-4
Let m(y) = 8*y + 4. Calculate m(-3).
-20
Let n(z) = -z**2 - 7*z - 10. Calculate n(-5).
0
Let j(o) = -o**3 - 11*o**2 + 13*o + 9. Give j(-12).
-3
Let a(q) = q**2 + 4*q + 3. Give a(-5).
8
Let t(p) = p**2 - 7*p. Determine t(9).
18
Let r(y) = -y**3 - 8*y**2 - 6*y 